- 22 - -8.
-13
What is (6 - (6 + 2)) + 1 + 1 + -11?
-11
Calculate -23 + (-13 - (-17 - -11) - -5).
-25
What is the value of -7 + (-15 - -8) + (-3 - (3 - 17))?
-3
Calculate (-26 + 41 - (-5 + 70)) + 15.
-35
What is the value of -11 - (6 + (-12 - (-4 - 2)))?
-11
(-4 - (-17 - -2)) + 2 + -7 + 2
8
-6 - (1 + -16 + 18 + -10 + -13)
14
Calculate -4 + 1 - (0 - -2 - (366 + -349)).
12
What is the value of -8 + -16 + 13 + (7 - 0)?
-4
What is the value of (-11 + -1 - -3) + 13?
4
What is the value of (-4 + -4 - -24) + (17 - 23)?
10
What is 15 - (1 + 13 + -8)?
9
Evaluate -28 - -36 - (24 - 5).
-11
(3 - (2 + 0) - 0) + (-334 - -323)
-10
What is the value of (7 + 0 - (-5 - -2 - -5)) + -15?
-10
What is -25 + 27 + (-1 - -10)?
11
Calculate -20 + -39 + 46 + 8.
-5
What is the value of 25 + (5 - -27) + -37?
20
Evaluate -47 - (-19 + 22 - 8) - -8.
-34
-1 + 15 - (17 - ((18 - -6) + -17))
4
What is -8 + (1 + 2 + -4 - 7)?
-16
What is the value of 23 - (-1 + 3) - (12 - 8)?
17
What is 11 - ((2 - (-4 + -5)) + 56 + -61)?
5
What is the value of (25 - (21 + -13)) + -3 + (-2 - 5)?
7
What is the value of -9 + 2 + -22 - -25?
-4
-1 - 14 - (12 - 24)
-3
What is the value of (-6 + 19 - (3 + 7)) + -6?
-3
Evaluate -10 - -2 - -18 - (30 - -7).
-27
1 + (7 + -23 + 8 - 4) - -41
30
((-6 - (7 + -12)) + 6 - -8) + -7
6
Evaluate 2 - (-5 + 0 - (-1 - 34)).
-28
What is -1 + (8 - (1 + 0) - (328 + -329))?
7
Calculate 3 - (3 - 9 - (-6 + -3)).
0
Calculate (-1 + -7 - (-4 - 6)) + 1 + -17.
-14
Evaluate -1 + (-77 - -72) + 1 + 13 - 22.
-14
-3 - (9 - 2) - -19
9
3 - (9 + -10) - 7
-3
What is (0 + 7 + 43 + -44 - -21) + -5?
22
-10 + 8 - ((1 - 0) + 2 - -4)
-9
What is (2 - 6) + 7 + (2 - (-3 + 5))?
3
What is the value of -18 - (7 + 6) - -18?
-13
What is the value of 10 + 17 + -5 + -3 + -3 + 10?
26
Calculate (-354 - -346) + (4 - (-3 - (-2 + 21))).
18
What is the value of (10 - 7 - 4) + -2?
-3
What is 3 - 26 - (-1 - (19 + -32))?
-35
What is the value of -1 + (-3 - -5 - (-22 - -6)) - 5?
12
What is the value of -21 + 11 + 19 + -2?
7
(-17 - (-78 + -27)) + -48
40
Evaluate -51 + 45 + (0 - (4 + -3)).
-7
-8 - (4 - 26) - 6
8
Evaluate (6 - 1) + 3 - -9 - 12.
5
What is the value of 6 - (-5 - (8 - 15) - 6)?
10
What is 96 + -87 + -2 + (-19 - 2)?
-14
Evaluate (-6 - 5) + 6 + -9 + 51 - 5.
32
What is -31 - (-13 - (21 - 17))?
-14
What is -4 + (-9 + 4 - (-9 + (-2 - -8)))?
-6
Calculate -349 + 313 - ((3 - -1) + -14).
-26
What is the value of (-11 - -8 - (4 - 7)) + -2?
-2
What is 4 - (20 + (6 - 7 - 4) - -8)?
-19
(1 - -15) + (14 - (-7 - -36))
1
31 + (2 + 8 - (0 + 9)) - 2
30
What is the value of -1 - -11 - (-226 + 250)?
-14
Calculate -20 + (8 - -27) - (42 + 3).
-30
What is -7 - (-8 + 11 + (-9 - 2) - -2)?
-1
What is 7 - 15 - -10 - (5 - 11)?
8
Calculate -277 - -285 - (0 - 1) - (-2 + 0).
11
What is -10 - -10 - (-27 - (-1 + 6))?
32
What is -4 + 4 - 3 - (275 + -307)?
29
Evaluate 34 + (-25 - -26) + -70.
-35
(4 - 2) + -1 + -2 + (2 - 4)
-3
What is 9 + 1 - (316 + -318)?
12
What is -7 + (-9 - (-5 - 6)) - -5?
0
Calculate 17 - (2 - (-17 - -2)).
0
What is the value of 13 - (1 - 3 - (-26 - -18))?
7
Evaluate -313 - -321 - (-4 - -1) - -3.
14
What is the value of 7 + -13 + (20 - (6 + 2 - 8))?
14
What is -13 - (-43 + 15) - 10 - -12?
17
(0 - -24) + -23 + 24 - (2 - -6)
17
Calculate 9 + -1 + (-9 - -20) + -20.
-1
1 + 1 + (7 - 4) - (-3 + 1)
7
Calculate -11 + 0 - -21 - 6 - 11.
-7
What is the value of 41 + -22 + (-8 - -4) + 1?
16
Evaluate 3 - -6 - (-52 - -62).
-1
Evaluate 3 + 3 + 0 + (-15 - (-5 + 0)).
-4
What is (-8 - (-5 - 14)) + 4?
15
What is the value of 0 - -10 - (-2 + (-5 - -16))?
1
-10 + 18 - (-2 + 4) - 0
6
What is 0 - 0 - (-14 + 1 + (-52 - -69))?
-4
Calculate (-2 - 1 - 3) + -5 - (1 + -2).
-10
What is 14 - ((-2 - 9) + 26 - 10)?
9
Evaluate -23 + 3 + -15 + 31.
-4
Calculate 0 + 8 + (-52 + 3 + 7 - -17).
-17
What is the value of -33 - -16 - 1 - 2?
-20
-16 + -31 + 58 + 10
21
Evaluate 2 - (-3 + (10 - -15 - 10)) - -18.
8
(10 + (-4 - -2) + -3 - 11) + 9
3
What is the value of 5 - (12 + -33 + 9) - -18?
35
What is the value of 9 - (-7 - (-2 - (7 - 6)) - -7)?
6
Calculate -5 + 13 + -1 - (39 - 22).
-10
Calculate -10 + -2 - ((-3 - 4) + -2) - 3.
-6
What is 5 + 24 + -38 - (-3 + 1)?
-7
What is the value of (0 + -4 - 0) + (-18 - 32 - -52)?
-2
Calculate 1 - 1 - (5 + (-2 - -3)) - -4.
-2
What is the value of 4 - 1 - -10 - 6?
7
Evaluate (-67 - (-32 - -4)) + 73.
34
Calculate 43 + -34 + (-6 - 1) - 12.
-10
Calculate 160 + -173 - (4 + -2 + 0 + 3).
-18
What is the value of -21 + -20 + 43 + (0 - -12) + 2?
16
Evaluate -3 + (-11 - (9 - 28)) + (1 - -2).
8
What is 4 - 23 - (22 + -46)?
5
Calculate -8 + -21 + 21 - -6.
-2
What is (-23 + 17 - 13) + 11?
-8
Evaluate -1 + -3 + -1 + (-16 - -20) + 12.
11
What is 20 - (-7 - -5 - (-5 + (9 - 9)))?
17
-5 + -2 + 9 + 0 - (-6 - -1)
7
Evaluate 115 + -115 - (-7 + 1 + -2) - 27.
-19
Calculate -1 + -6 + 16 + (-6 - -4).
7
Evaluate 3 + (-3 + 8 + -22 - -9).
-5
Evaluate (-1438 - -1449) + (-44 - 1).
-34
(-10 - (-11 - -7)) + 2 - 7
-11
What is the value of -4 - (3 + 6 + -5 + -8)?
0
82 + -86 - (20 - 4)
-20
What is the value of 11 - (-8 - (9 + -17 + 2))?
13
7 + (54 + -47 + (-18 - 0) - 8)
-12
Evaluate 24 - 18 - (5 + -3).
4
-5 + 6 + -6 + (8 - -1) + -1
3
30 + -40 + 2 + 2 - 9
-15
Calculate -7 + (8 - 2) + 5 + -12.
-8
What is 13 + -2 + -91 + 69 - 2?
-13
13 + (6 - (-6 - (2 + -15 + 7)))
19
62 + -41 + (-26 - -1)
-4
-7 - (1 + 1) - (64 + -61)
-12
What is the value of -6 + 1 + (-1 + 4 - 1) - -2?
-1
Evaluate (-180 - -180) + -1 + 2 + -6.
-5
Calculate 3 + -23 + -7 + -7 + 24.
-10
What is (5 - 11) + (0 - -6 - -13)?
13
Calculate 66 - 63 - (2 + 12) - 25.
-36
What is 19 - (-3 + 2) - (-42 - -49)?
13
Evaluate 8 - (-3 - -12) - 8.
-9
-2 + (-8 - 4 - -21 - 6)
1
What is -11 + 6 + (8 - (-2 - 6))?
11
Calculate (6 - (-21 - -38)) + 13.
2
What is the value of -3 - ((-13 - -3 - 17) + 8)?
16
What is the value of 21 + 0 + -1 + (-11 - -9) - 5?
13
Calculate -5 + 2 + 4 + (1 - 13) + 18.
7
What is 7 - (6 - (4 + -9))?
-4
-1 + 12 - (-326 + 322 - (-1 - 0))
14
What is the value of 1 - (-2 + 4 + -1 + -76 + 74)?
2
2 + 2 - (26 - 37 - -14)
1
Evaluate -12 - 2 - (-52 - -23).
15
(-2 - 2 - 0) + (-2 - (0 - 17))
11
2 + -5 + -8 + -3 - (-5 + 0)
-9
Evaluate (15 - (-5 - -14)) + 1.
7
(-21 - -23) + -9 + 2 + 3
-2
Evaluate (2 - -7) + (-10 - -6 - -11).
16
What is the value of (-23 - 0) + (119 - 108)?
-12
Evaluate 11 + 2 + -33 + 35 - (16 - 18).
17
Calculate 6 - (11 - (14 - 2)).
7
What is (-39 - (-44 - -13)) + 21?
13
What is the value of (17 - 8) + 0 + -3 - (3 + 14)?
-11
(0 - (-4 + 2 + -1)) + -1629 + 1634
8
Calculate -3441 - -3434 - (-7 - -1 - (-2 - 0)).
-3
What is -3 + 18 - ((3 - -2) + 6 + -4)?
8
What is 3 - 7 - -2 - (-4 - (-4 + 15))?
13
-3 + 17 + -32 + 3
-15
-1 + -3 + 0 + 9 + -3
2
(-5 - -1) + 1 + 14
11
What is (0 - -1) + (-9 - -3 - -1 - 0)?
-4
Calculate (0 - ((10 - 9) + -1)) + -14.
-14
What is the value of 7 + (7 + -3 + -7 - 3 - 0)?
1
What is (140 - 124) + (-6 + -1 - -2)?
11
Evaluate -15 - (-5 - 5) - 0.
-5
Evaluate 3 - -6 - 17 - -6 - 2.
-4
Calculate 3 + 21 + -18 + (2 - 24).
-16
-12 - (15 - 22) - (0 + (0 - -3))
-8
What is -21 + 1 - (23 + (33 - 70))?
-6
-4 - (9 - (5 - 2) - 24)
14
Calculate (23 + 21 - 49) + 0 + 25 + 0.
20
Evaluate (-9 - (-32 - -9)) + -22.
-8
What is the value of 16 + -5 + -12 + 2?
1
What is the value of -10 - (6 - (12 + -14 + 37))?
19
What is the value of -7 - (-2 - 12) - 9?
-2
What is -1 - (-5 - -3) - (-29 - -30)?
0
What is 1 - 4 - 0 - (-13 + (-33 - -29))?
14
What is the value of -3 + (-9 - 6) + 29?
11
Evaluate -3 + -4 + 9 + (0 - -1 - 5).
-2
What is the value of (67 - 61) + (5 - 1)?
10
113 + -94 + (0 - -10)
29
What is -82 - -117 - (64 - 2)?
-27
Evaluate (-11 - (-4 - 3 - -1)) + -16 + 10.
-11
-19 + 6 + -5 + 45 - (8 - 0)
19
What is the value of (5 + 1 - -4) + 1?
11
What is -10 + 5 + -3 - (-21 + 4 + 4)?
5
Evaluate (1 - -15) + (41 - (-20 + 112)).
-35
-24 - (10 + 1 - 28)
-7
Evaluate -17 - (17 + (-9 - 11)).
-14
What is 0 + 9 + -19 + 20 + 6 + 2?
18
Evaluate (-3 - -1) + 2 + (-16 - -10).
-6
Calculate 10 + -14 + -10 + -4 - 8.
-26
What is the value of (0 - 7) + -37 + 48 - -6?
10
Evaluate -4 + 3 + 28 + (10 - 28).
9
What is (-23 - -10) + 32 + -10?
9
What is 18 + (10 - 10) + -10?
8
What is the value of -2 - (41 + -9 + -23)?
-11
What is the value of 9 + (-10 - 23 - -13)?
-11
What is 40 + (-4 + 1 - (-3 + 13))?
27
-38 + 38 - (-10 - (-2 -